 of 2585638833?
3, 59, 2999, 4871
List the prime factors of 67311706.
2, 7, 11, 337, 1297
List the prime factors of 52173829.
19, 359, 7649
List the prime factors of 276522698.
2, 23, 6011363
What are the prime factors of 117268919?
691, 169709
List the prime factors of 560361316.
2, 29, 2129, 2269
What are the prime factors of 35786839?
11, 295759
What are the prime factors of 67825810?
2, 5, 13, 37, 59, 239
What are the prime factors of 82366119?
3, 11, 29, 73, 131
List the prime factors of 748606265.
5, 11, 13611023
List the prime factors of 359068049.
359068049
What are the prime factors of 4713656525?
5, 188546261
What are the prime factors of 3278970584?
2, 401, 1022123
What are the prime factors of 1939421964?
2, 3, 139, 263, 4421
List the prime factors of 1575153677.
37, 42571721
List the prime factors of 70906058.
2, 35453029
List the prime factors of 1101073270.
2, 5, 11, 809, 12373
List the prime factors of 44091818.
2, 19, 173, 353
What are the prime factors of 130539627?
3, 4834801
What are the prime factors of 3305435992?
2, 13411, 30809
What are the prime factors of 419034000?
2, 3, 5, 7, 11, 907
List the prime factors of 223982199.
3, 7, 827, 1433
List the prime factors of 3300124900.
2, 5, 33001249
What are the prime factors of 531986303?
59, 9016717
List the prime factors of 109045807.
13, 19, 43, 10267
What are the prime factors of 1911595621?
13, 8747, 16811
What are the prime factors of 24588126?
2, 3, 181, 7547
List the prime factors of 67112774.
2, 4001, 8387
List the prime factors of 28568409.
3, 9522803
What are the prime factors of 238019103?
3, 7, 3778081
What are the prime factors of 61339365?
3, 5, 383, 3559
What are the prime factors of 86398084?
2, 1951, 11071
What are the prime factors of 22322445?
3, 5, 17, 87539
What are the prime factors of 494350848?
2, 3, 71, 1511
List the prime factors of 2445146104.
2, 305643263
What are the prime factors of 402147223?
17, 43, 367, 1499
What are the prime factors of 3070462095?
3, 5, 71, 961021
What are the prime factors of 104334032?
2, 11, 17, 34871
What are the prime factors of 2155698537?
3, 718566179
What are the prime factors of 744399123?
3, 13, 19087157
What are the prime factors of 4895107254?
2, 3, 439, 619477
What are the prime factors of 2979397152?
2, 3, 17, 79, 7703
What are the prime factors of 206596034?
2, 167, 439, 1409
List the prime factors of 2646241105.
5, 401, 1319821
What are the prime factors of 6354820134?
2, 3, 13, 83, 25169
List the prime factors of 119532292.
2, 11, 307, 8849
What are the prime factors of 42825322?
2, 31, 311, 2221
What are the prime factors of 770948393?
31, 2153, 11551
List the prime factors of 7588823525.
5, 3089, 98269
List the prime factors of 5592657.
3, 7, 23, 11579
What are the prime factors of 34999465?
5, 31, 349, 647
List the prime factors of 27127069.
27127069
List the prime factors of 246135608.
2, 233, 132047
What are the prime factors of 83827010?
2, 5, 107, 157, 499
What are the prime factors of 101915805?
3, 5, 43, 158009
List the prime factors of 1074424589.
7, 953, 161059
List the prime factors of 61899751.
137, 451823
What are the prime factors of 22808689?
2357, 9677
What are the prime factors of 5050851?
3, 13, 129509
What are the prime factors of 4719760060?
2, 5, 67, 3522209
What are the prime factors of 5053199?
17, 297247
List the prime factors of 468395909.
1087, 430907
List the prime factors of 12540047.
13, 43, 22433
List the prime factors of 123195472.
2, 7699717
What are the prime factors of 47652882?
2, 3, 149, 151, 353
List the prime factors of 142604179.
37, 3854167
What are the prime factors of 1263891534?
2, 3, 210648589
What are the prime factors of 4770935?
5, 13, 29, 2531
What are the prime factors of 137811386?
2, 68905693
List the prime factors of 735590753.
735590753
What are the prime factors of 65090235?
3, 5, 7, 31, 19997
What are the prime factors of 4228540902?
2, 3, 1039, 75367
List the prime factors of 746517755.
5, 1259, 118589
List the prime factors of 548455419.
3, 60939491
What are the prime factors of 4023086987?
71, 241, 235117
List the prime factors of 29701441.
7, 11, 23, 31, 541
List the prime factors of 1796679747.
3, 199631083
List the prime factors of 292566854.
2, 23, 6360149
What are the prime factors of 2226980746?
2, 71, 883, 17761
What are the prime factors of 25021709?
997, 25097
List the prime factors of 65994779.
2161, 30539
List the prime factors of 138434358.
2, 3, 23072393
List the prime factors of 1023525083.
7, 641, 32587
What are the prime factors of 5541797680?
2, 5, 69272471
List the prime factors of 242536429.
401, 604829
What are the prime factors of 2636125673?
2636125673
What are the prime factors of 1678595690?
2, 5, 29, 839, 6899
List the prime factors of 359434972.
2, 13, 6912211
What are the prime factors of 469010592?
2, 3, 19, 85711
What are the prime factors of 893055370?
2, 5, 89, 1003433
List the prime factors of 3104211261.
3, 23, 1493, 30133
List the prime factors of 123801186.
2, 3, 37, 557663
List the prime factors of 4572055638.
2, 3, 79, 1071743
List the prime factors of 30383205.
3, 5, 109, 18583
What are the prime factors of 382276982?
2, 503, 379997
List the prime factors of 17145495.
3, 5, 381011
What are the prime factors of 272529530?
2, 5, 7, 13, 23, 29, 449
List the prime factors of 6206155.
5, 1051, 1181
List the prime factors of 182219843.
13, 3719, 3769
What are the prime factors of 2737591366?
2, 1368795683
What are the prime factors of 30920801?
30920801
List the prime factors of 870742079.
223, 3904673
List the prime factors of 555481562.
2, 17, 16337693
What are the prime factors of 551996549?
13, 571, 74363
What are the prime factors of 248610429?
3, 41, 239, 2819
List the prime factors of 1696622315.
5, 6547, 51829
List the prime factors of 741614169.
3, 247204723
What are the prime factors of 184395524?
2, 43, 67, 16001
List the prime factors of 1500740627.
1500740627
List the prime factors of 73231108.
2, 227, 80651
List the prime factors of 102859915.
5, 101, 149, 1367
List the prime factors of 1551498099.
3, 20507, 25219
What are the prime factors of 2627756652?
2, 3, 47, 373, 12491
What are the prime factors of 298064351?
13, 22928027
List the prime factors of 6176284678.
2, 13337, 231547
List the prime factors of 593126380.
2, 5, 7, 11, 55021
What are the prime factors of 24446836?
2, 6111709
What are the prime factors of 1959544009?
1091, 1796099
List the prime factors of 632073840.
2, 3, 5, 2633641
What are the prime factors of 37784405?
5, 127, 157, 379
What are the prime factors of 135478612?
2, 33869653
What are the prime factors of 41622237?
3, 43, 131, 821
List the prime factors of 14006522.
2, 53, 132137
What are the prime factors of 72798442?
2, 113, 193, 1669
What are the prime factors of 67167231?
3, 22389077
What are the prime factors of 1679911286?
2, 41, 431, 47533
What are the prime factors of 3201280022?
2, 1600640011
List the prime factors of 606998470.
2, 5, 13, 211, 22129
List the prime factors of 418352071.
418352071
What are the prime factors of 897335292?
2, 3, 7, 337, 31699
List the prime factors of 166836654.
2, 3, 389, 23827
What are the prime factors of 1274158398?
2, 3, 17, 83, 150503
What are the prime factors of 652397937?
3, 2347, 92657
What are the prime factors of 125878388?
2, 59, 353, 1511
List the prime factors of 1693719305.
5, 131, 173, 14947
What are the prime factors of 1142544850?
2, 5, 53, 241, 1789
List the prime factors of 616128728.
2, 907, 84913
List the prime factors of 24558913.
31, 792223
What are the prime factors of 394642635?
3, 5, 19, 1384711
What are the prime factors of 183392023?
641, 286103
List the prime factors of 40004543.
29, 1379467
List the prime factors of 2621056.
2, 20477
What are the prime factors of 4148381?
4148381
What are the prime factors of 40680287?
40680287
What are the prime factors of 26341580?
2, 5, 1317079
List the prime factors of 196574565.
3, 5, 11, 31, 38431
What are the prime factors of 306022666?
2, 233, 656701
What are the prime factors of 85590312?
2, 3, 3566263
What are the prime factors of 48903486?
2, 3, 557, 14633
List the prime factors of 84304369.
84304369
List the prime factors of 138636954.
2, 3, 2567351
What are